2 - 8*g + 40. Let b(o) = 35*o**2 + 15*o - 76. Let q(n) = 5*b(n) + 11*m(n). What is q(4)?
-8
Let s(m) = -6*m**3 - 70*m**2 - m - 16. Let l(w) = 7*w**3 + 83*w**2 + w + 17. Let y(c) = -5*l(c) - 6*s(c). Calculate y(-4).
23
Let q(z) = -z**3 - 3*z**2 - z - 3. Suppose 5*i + 714 = 8*i. Suppose 0 = -243*p + i*p - 15. Calculate q(p).
0
Let k(h) be the first derivative of h**3/3 + 2*h**2 + 7*h - 947. Give k(-5).
12
Let y(s) = -2*s**2 - 30*s + 24. Let m(h) = 217*h - 449. Let i be m(2). Calculate y(i).
24
Let y(s) = 2*s - 16. Let v = -3931 - -3936. Determine y(v).
-6
Let j be (1/(-4))/(-1) + (-140)/112 + -2. Let h(w) = 3*w - 12. What is h(j)?
-21
Let u(q) = -2*q - 15. Suppose -208*y + 214*y - 174 = 0. Suppose -3*g - h - y = -0*g, 0 = -2*g + 4*h - 10. Give u(g).
3
Let x(j) = j**3 - 14*j**2 + 12*j + 12. Let i(d) = d**3 - 3*d**2 + 6*d - 27. Let v be ((44/14)/11)/((-2)/(-28)). Let h be i(v). Determine x(h).
-1
Let a(o) be the second derivative of 0 + 46*o + 0*o**2 + 1/6*o**3. What is a(3)?
3
Let t(d) = 193*d + d**3 + 0 + 12 + 15*d**2 - 188*d. Give t(-15).
-63
Let c(h) = -439 + 6*h**2 + 429 - 30*h**3 + 31*h**3 - 9*h. Give c(-7).
4
Let a(w) = 7*w**2 + 19*w + 32. Let h(n) = -10*n + 943 - 956 - 8*n**2 + 5*n**2. Let q(j) = -2*a(j) - 5*h(j). Calculate q(-12).
1
Let u = -502 + 508. Let f(b) be the first derivative of -1/4*b**4 - 1/2*b**2 + b - 1/3*b**3 + u. Calculate f(0).
1
Suppose 2*r + 2*m = 4, -11 = r + 4*m - 1. Let l(t) = -12 + 382*t**3 - 6*t**2 - 128*t**3 - 128*t**3 + 4*t + 0*t - 125*t**3. Determine l(r).
12
Let k = 3347 - 3343. Let i(r) = -5*r**2 - 10. Calculate i(k).
-90
Let q(a) = -2*a**2 + 21*a - 39. Let p be q(8). Let y(g) = -9*g**2 + 4*g - 4. Determine y(p).
-9
Let p(k) = 267*k - 1856. Let x(i) = 90*i - 627. Let j(w) = 2*p(w) - 7*x(w). Give j(7).
5
Let t be (6 + 4)/5 + -7. Let b(n) = -4 - n**2 + 3 - 225*n**3 + 2*n + 219*n**3. Let f(x) = -x**3 + x**2 + x. Let m(d) = -b(d) + 5*f(d). What is m(t)?
11
Let t(c) = c**3 + 6*c**2 + c. Let b(z) = -z - 35. Let j be b(-6). Let g = 39 + j. Suppose -g*f - 60 = -0*f. What is t(f)?
-6
Let y(n) = 2*n - 8. Let i be 0 - (-9)/15 - (-52)/(-20). What is y(i)?
-12
Let a(k) = -2*k**2 + k**2 + 6*k + 2*k - 7*k - 51 + 15*k. Give a(15).
-36
Let s(n) = -13*n**3 + 2*n**2 - 3*n - 45. Let g(h) = 11*h**3 - 3*h**2 + 4*h + 38. Let x(y) = 6*g(y) + 5*s(y). Calculate x(4).
-25
Let u be ((-117)/(-15) - 3)/((-6)/(-40)). Let i(o) = -116*o + 51*o + 68*o + u. Calculate i(-9).
5
Let o(m) = -72*m - 24. Suppose -167*u + 178*u - 22 = 0. Let a(i) = -21*i - 8. Let j(y) = u*o(y) - 7*a(y). Give j(-9).
-19
Let x = -3053 + 3056. Let k(v) = 6*v**2 + 2*v + 5. Determine k(x).
65
Let n be 28/112 - 163/(-4). Let w(j) = -48*j**3 + 34*j**3 - 1 + n*j**3 + 4*j - 5*j. Let y = -9 + 8. What is w(y)?
-27
Let p(f) = -3*f**3 + 81460 + 37*f + 2*f**3 - 4*f**2 - 5*f**2 - 81188. Calculate p(-10).
2
Let t(s) be the second derivative of 12 + 3/2*s**2 + 1/6*s**3 + 4*s - 1/20*s**5 + 5/12*s**4. Calculate t(5).
8
Suppose 4*p = 12, -4*i + 2*p + 55 + 63 = 0. Suppose 0 = -11*k + 35 + i. Let s(h) = -h - 4. Give s(k).
-10
Let d(c) = -2*c**2 + 125*c + 1968. Let f be d(-13). Let r(z) be the second derivative of z**5/20 - z**4/3 - z**3/2 - 3*z**2/2 + z. Give r(f).
7
Let u(k) = 28*k - 252. Let y be 122/14 - (-36 - 3250/(-91)). Determine u(y).
0
Suppose -5*b + 38 - 18 = 0. Suppose b*w = 3*l + 20 - 3, 0 = -3*w - 5*l - 9. Let t(q) = 4*q - 5*q + 4*q**2 - 5*q - w - 3*q**2. Give t(6).
-2
Let w(a) = -288*a - 27 - 291*a + 569*a. Calculate w(-3).
3
Let p(t) = 3209*t - 1594*t - 19 - 1616*t. Give p(-16).
-3
Let t = -898 - -901. Let r(y) = -y**3 - 4*y**2 + 5*y - 4. What is r(t)?
-52
Let o(f) = f + 2. Let z(j) be the second derivative of 8*j + 1/2*j**2 + 0 - 1/3*j**3 - 1/5*j**5 + 1/4*j**4. Let i be z(1). What is o(i)?
0
Let k(o) = -3*o**2 + 9*o. Let f = -2777 + 2780. Determine k(f).
0
Let f(j) = -2*j**2 - 3*j + 8. Let s(y) = 4*y**2 + 23*y - 33. Let t(m) = 6*f(m) + s(m). Give t(5).
-160
Suppose -9*d + 13*d + 5*m = 5, -2*d + m = 1. Suppose -14*f + 6*f + 16 = d. Let h(u) = -2*u + 1. What is h(f)?
-3
Let k(w) = -10*w**2 + 40. Let y(n) = -n + 1. Let v(u) = -2*u**2 - 2*u + 10. Let g(p) = v(p) - 2*y(p). Let h(x) = 16*g(x) - 3*k(x). Determine h(0).
8
Let k(p) = -151 + 122 - 75*p + 81 + 90*p. Determine k(-3).
7
Let a(f) be the second derivative of f**3/6 - 21*f**2/2 + 1806*f. What is a(-8)?
-29
Let b(c) = -3*c**2 + 6*c - 1. Let j(i) = 3*i**2 - 6*i + 276 - 142 - 133. Let k(a) = -5*b(a) - 6*j(a). Give k(4).
-25
Let u(r) = r**2 + 16*r - 58. Suppose 4*b = 4*k - 100, 5*k = 3*b + 71 + 14. What is u(b)?
22
Let b be (-42)/(-35)*(-120)/(-48). Let x(z) be the second derivative of 1/2*z**b + 0 + 3*z + z**2. Determine x(4).
14
Let j(y) be the second derivative of 1/12*y**4 + 22*y - 3/2*y**2 - 1/20*y**5 + 0 + 1/6*y**3. Suppose 2*l = 4*l. Calculate j(l).
-3
Suppose 0 = -o - 2 + 3. Let k(p) be the first derivative of 1/2*p**2 - 22/3*p**3 - 13 - p. Give k(o).
-22
Suppose -i + c = 0, -10 = -3*i - 5*c + 30. Let n be ((-36)/15)/((-2)/i). Let x(y) = 61*y + y**2 - 1 + 1 - 5 - 68*y. Determine x(n).
-11
Let g = -4544 - -4561. Let h(o) = -o**3 + 15*o**2 + 30*o - 17. Give h(g).
-85
Let x be (-12)/8*(-4)/(-2). Let g(k) = 6*k + 10. Let o(w) = -390 - w + 378 - 6*w. Let t(u) = -4*g(u) - 3*o(u). Give t(x).
5
Suppose 63*y + 74*y + 660 = 71*y. Let o(m) = m**2 + 24*m + 9. Give o(y).
-131
Let q(g) = 11 + g**3 + 41367*g**2 - 2*g - 13*g - 41371*g**2. What is q(7)?
53
Let a(j) be the second derivative of j**5/20 + j**4/4 - 5*j**3/6 - 6*j**2 - j + 171. Give a(-4).
-8
Let q(h) be the second derivative of h**5/20 + h**3/6 - h**2 + 1922*h. Let x = 2 - 2. Determine q(x).
-2
Let v(j) be the third derivative of j**5/20 - 23*j**4/12 - 9*j**3/2 - 8647*j**2. What is v(16)?
5
Let u(q) be the second derivative of 5/12*q**4 - 1/20*q**5 - 2*q - 9/2*q**2 + 0 + q**3. Suppose 5*k = -25*x + 29*x + 42, x = -3. Calculate u(k).
-9
Suppose -67 = -10*q - 117. Suppose -2 - 1 = -v. Let i(f) = -f - 4*f + v*f - 7. Give i(q).
3
Let z(u) = -1699*u - 9. Let t be z(0). Let r(k) = 5*k + 26. Calculate r(t).
-19
Suppose -4*h = 20, -2*h - 89 = -4*d + 13. Let j(w) = 50*w**2 - d*w**2 + 8 - 26*w**2. Suppose -y - 3*y = 0. Calculate j(y).
8
Let t(f) = 4*f + 19314652 - 2*f**2 - 19314652. Let v(l) = -l - 2. Let d be v(-6). What is t(d)?
-16
Let p(u) be the third derivative of -2*u**5/15 - u**4/24 + 4*u**3/3 + 40*u**2 + u + 25. Calculate p(-4).
-116
Let p(s) = -s**2 + 2*s + 1. Suppose 265*w - 267*w = -328. Let h = 162 - w. What is p(h)?
-7
Let d(k) be the second derivative of 0 - 1/6*k**3 + 87*k + 2*k**2. Calculate d(7).
-3
Let r(j) = 7*j - 1. Let l(x) = 72*x + 325. Let u(s) = l(s) - 9*r(s). Calculate u(-37).
1
Let s(c) = -c**3 - 9*c**2 - 11*c - 5. Let k = -42 - -45. Suppose 5*r + k*a = -44 - 2, 4*r = -2*a - 36. Determine s(r).
19
Let r(s) = -s**3 - s - 62. Let k be r(0). Let j = 65 + k. Let z(p) = p - j - p - p. Give z(0).
-3
Let q(w) = 87*w + 107. Let k(o) = 194*o + 211. Let h(u) = 2*k(u) - 5*q(u). Determine h(-3).
28
Let s(b) = b**2 + 2*b + 1. Let l = 27 + 19. Let g be 6*l/14 + 2/7. Suppose 5*i = -5*h - g, -3*i - 12 = -0*i - h. Determine s(i).
9
Let t(j) = -183*j**3 - 10*j**2 + 54*j - 36. Let b(k) = 39*k**3 + 2*k**2 - 11*k + 7. Let v(g) = -14*b(g) - 3*t(g). Calculate v(2).
26
Let o = 23 + -9. Let u = 11 - o. Let z(q) = 3*q**2 + 2*q - 1. Let i(d) = -10*d**2 - 6*d + 4. Let n(y) = 2*i(y) + 7*z(y). Give n(u).
4
Let h(j) = 61*j**2 - 5*j - 20*j**2 - 24*j**2 - 3 - 16*j**2. What is h(2)?
-9
Let o(v) be the third derivative of v**5/60 - v**4/12 - 20*v**3/3 + 834*v**2. Calculate o(-5).
-5
Let n(m) = 75 - 189 - 2*m + 122 + m. Let u be (-5)/(-4)*(-3 - -19). Suppose 3*w = w + u. What is n(w)?
-2
Let y(f) be the first derivative of -3*f**3 - f - 31. Suppose 3*a - 3 = -5*v + 2*v, 0 = 4*v - 4*a - 4. Give y(v).
-10
Let y(u) = -u**2 + 2*u**2 - 2*u + 4 + 0*u. Let v be (-123 - 10) + (-12)/(-3). Let p = 133 + v. Give y(p).
12
Let j be -3 + -1 + 4 + 1. Let u(f) be the first derivative of f + 5/3*f**3 - 72 - f**2. Give u(j).
4
Let n(s) = -7*s - 89. Suppose -58 = 4*a + 2*x, 0 = -5*a - 3*x - 4 - 70. Give n(a).
2
Let m(w) = w - 7. Let k be (1 - 4)/(81/(-135)). Suppose i + k = 2*i + 4*r, -3*i + 5*r = -15. Calculate m(i).
-2
Let g be (-12)/126 - (-296)/21. Let v(x) = -7*x**2 + 19*x + 4. Let h(s) = -12*s**2 + 3